{"version":"1.0","provider_name":"","provider_url":"https:\/\/continuamosmx.com","author_name":"Continuamos MX","author_url":"https:\/\/continuamosmx.com\/index.php\/author\/continuamos\/","title":"GOBERNADORA DELFINA GOM\u00c9Z RECONOCE TRANSFORMACI\u00d3N DEL PODER JUDICIAL -","type":"rich","width":600,"height":338,"html":"<blockquote class=\"wp-embedded-content\" data-secret=\"3vh59xvybo\"><a href=\"https:\/\/continuamosmx.com\/index.php\/2026\/09\/03\/58314\/\">GOBERNADORA DELFINA GOM\u00c9Z RECONOCE TRANSFORMACI\u00d3N DEL PODER JUDICIAL<\/a><\/blockquote><iframe sandbox=\"allow-scripts\" security=\"restricted\" src=\"https:\/\/continuamosmx.com\/index.php\/2026\/09\/03\/58314\/embed\/#?secret=3vh59xvybo\" width=\"600\" height=\"338\" title=\"\u00abGOBERNADORA DELFINA GOM\u00c9Z RECONOCE TRANSFORMACI\u00d3N DEL PODER JUDICIAL\u00bb \u2014 \" data-secret=\"3vh59xvybo\" frameborder=\"0\" marginwidth=\"0\" marginheight=\"0\" scrolling=\"no\" class=\"wp-embedded-content\"><\/iframe><script>\n\/*! This file is auto-generated *\/\n!function(d,l){\"use strict\";l.querySelector&&d.addEventListener&&\"undefined\"!=typeof URL&&(d.wp=d.wp||{},d.wp.receiveEmbedMessage||(d.wp.receiveEmbedMessage=function(e){var t=e.data;if((t||t.secret||t.message||t.value)&&!\/[^a-zA-Z0-9]\/.test(t.secret)){for(var s,r,n,a=l.querySelectorAll('iframe[data-secret=\"'+t.secret+'\"]'),o=l.querySelectorAll('blockquote[data-secret=\"'+t.secret+'\"]'),c=new RegExp(\"^https?:$\",\"i\"),i=0;i<o.length;i++)o[i].style.display=\"none\";for(i=0;i<a.length;i++)s=a[i],e.source===s.contentWindow&&(s.removeAttribute(\"style\"),\"height\"===t.message?(1e3<(r=parseInt(t.value,10))?r=1e3:~~r<200&&(r=200),s.height=r):\"link\"===t.message&&(r=new URL(s.getAttribute(\"src\")),n=new URL(t.value),c.test(n.protocol))&&n.host===r.host&&l.activeElement===s&&(d.top.location.href=t.value))}},d.addEventListener(\"message\",d.wp.receiveEmbedMessage,!1),l.addEventListener(\"DOMContentLoaded\",function(){for(var e,t,s=l.querySelectorAll(\"iframe.wp-embedded-content\"),r=0;r<s.length;r++)(t=(e=s[r]).getAttribute(\"data-secret\"))||(t=Math.random().toString(36).substring(2,12),e.src+=\"#?secret=\"+t,e.setAttribute(\"data-secret\",t)),e.contentWindow.postMessage({message:\"ready\",secret:t},\"*\")},!1)))}(window,document);\n\/\/# sourceURL=https:\/\/continuamosmx.com\/wp-includes\/js\/wp-embed.min.js\n<\/script>\n","thumbnail_url":"https:\/\/continuamosmx.com\/wp-content\/uploads\/2026\/09\/WhatsApp-Image-2026-09-03-at-6.32.57-PM-3.jpeg","thumbnail_width":1279,"thumbnail_height":853,"description":"*Durante el Primer Informe de Actividades del Presidente del Poder Judicial, H\u00e9ctor Macedo Garc\u00eda, la Mandataria estatal refrend\u00f3 su respaldo institucional para consolidar una impartici\u00f3n de justicia pronta, expedita, imparcial y con pleno respeto a la autonom\u00eda de poderes. TEXCOCO, Estado de M\u00e9xico.\u2013 La Gobernadora Delfina G\u00f3mez \u00c1lvarez reconoci\u00f3 la transformaci\u00f3n que vive el Poder [&hellip;]"}

GOBERNADORA DELFINA GOMÉZ RECONOCE TRANSFORMACIÓN DEL PODER JUDICIAL -

<blockquote class="wp-embedded-content" data-secret="3vh59xvybo"><a href="https://continuamosmx.com/index.php/2026/09/03/58314/">GOBERNADORA DELFINA GOMÉZ RECONOCE TRANSFORMACIÓN DEL PODER JUDICIAL</a></blockquote><iframe sandbox="allow-scripts" security="restricted" src="https://continuamosmx.com/index.php/2026/09/03/58314/embed/#?secret=3vh59xvybo" width="600" height="338" title="«GOBERNADORA DELFINA GOMÉZ RECONOCE TRANSFORMACIÓN DEL PODER JUDICIAL» — " data-secret="3vh59xvybo" frameborder="0" marginwidth="0" marginheight="0" scrolling="no" class="wp-embedded-content"></iframe><script>
/*! This file is auto-generated */
!function(d,l){"use strict";l.querySelector&&d.addEventListener&&"undefined"!=typeof URL&&(d.wp=d.wp||{},d.wp.receiveEmbedMessage||(d.wp.receiveEmbedMessage=function(e){var t=e.data;if((t||t.secret||t.message||t.value)&&!/[^a-zA-Z0-9]/.test(t.secret)){for(var s,r,n,a=l.querySelectorAll('iframe[data-secret="'+t.secret+'"]'),o=l.querySelectorAll('blockquote[data-secret="'+t.secret+'"]'),c=new RegExp("^https?:$","i"),i=0;i<o.length;i++)o[i].style.display="none";for(i=0;i<a.length;i++)s=a[i],e.source===s.contentWindow&&(s.removeAttribute("style"),"height"===t.message?(1e3<(r=parseInt(t.value,10))?r=1e3:~~r<200&&(r=200),s.height=r):"link"===t.message&&(r=new URL(s.getAttribute("src")),n=new URL(t.value),c.test(n.protocol))&&n.host===r.host&&l.activeElement===s&&(d.top.location.href=t.value))}},d.addEventListener("message",d.wp.receiveEmbedMessage,!1),l.addEventListener("DOMContentLoaded",function(){for(var e,t,s=l.querySelectorAll("iframe.wp-embedded-content"),r=0;r<s.length;r++)(t=(e=s[r]).getAttribute("data-secret"))||(t=Math.random().toString(36).substring(2,12),e.src+="#?secret="+t,e.setAttribute("data-secret",t)),e.contentWindow.postMessage({message:"ready",secret:t},"*")},!1)))}(window,document);
//# sourceURL=https://continuamosmx.com/wp-includes/js/wp-embed.min.js
</script>

*Durante el Primer Informe de Actividades del Presidente del Poder Judicial, Héctor Macedo García, la Mandataria estatal refrendó su respaldo institucional para consolidar una impartición de justicia pronta, expedita, imparcial y con pleno respeto a la autonomía de poderes. TEXCOCO, Estado de México.– La Gobernadora Delfina Gómez Álvarez reconoció la transformación que vive el Poder [&hellip;]
