{"version":"1.0","provider_name":"","provider_url":"https:\/\/continuamosmx.com","author_name":"Continuamos MX","author_url":"https:\/\/continuamosmx.com\/index.php\/author\/continuamos\/","title":"PRESENTAR\u00c1N LA REVISTA CHALCO DE MIS RECUERDOS -","type":"rich","width":600,"height":338,"html":"<blockquote class=\"wp-embedded-content\" data-secret=\"oUeE39Tf2T\"><a href=\"https:\/\/continuamosmx.com\/index.php\/2022\/01\/10\/presentaran-la-revista-chalco-de-mis-recuerdos\/\">PRESENTAR\u00c1N LA REVISTA CHALCO DE MIS RECUERDOS<\/a><\/blockquote><iframe sandbox=\"allow-scripts\" security=\"restricted\" src=\"https:\/\/continuamosmx.com\/index.php\/2022\/01\/10\/presentaran-la-revista-chalco-de-mis-recuerdos\/embed\/#?secret=oUeE39Tf2T\" width=\"600\" height=\"338\" title=\"\u00abPRESENTAR\u00c1N LA REVISTA CHALCO DE MIS RECUERDOS\u00bb \u2014 \" data-secret=\"oUeE39Tf2T\" frameborder=\"0\" marginwidth=\"0\" marginheight=\"0\" scrolling=\"no\" class=\"wp-embedded-content\"><\/iframe><script>\n\/*! This file is auto-generated *\/\n!function(d,l){\"use strict\";l.querySelector&&d.addEventListener&&\"undefined\"!=typeof URL&&(d.wp=d.wp||{},d.wp.receiveEmbedMessage||(d.wp.receiveEmbedMessage=function(e){var t=e.data;if((t||t.secret||t.message||t.value)&&!\/[^a-zA-Z0-9]\/.test(t.secret)){for(var s,r,n,a=l.querySelectorAll('iframe[data-secret=\"'+t.secret+'\"]'),o=l.querySelectorAll('blockquote[data-secret=\"'+t.secret+'\"]'),c=new RegExp(\"^https?:$\",\"i\"),i=0;i<o.length;i++)o[i].style.display=\"none\";for(i=0;i<a.length;i++)s=a[i],e.source===s.contentWindow&&(s.removeAttribute(\"style\"),\"height\"===t.message?(1e3<(r=parseInt(t.value,10))?r=1e3:~~r<200&&(r=200),s.height=r):\"link\"===t.message&&(r=new URL(s.getAttribute(\"src\")),n=new URL(t.value),c.test(n.protocol))&&n.host===r.host&&l.activeElement===s&&(d.top.location.href=t.value))}},d.addEventListener(\"message\",d.wp.receiveEmbedMessage,!1),l.addEventListener(\"DOMContentLoaded\",function(){for(var e,t,s=l.querySelectorAll(\"iframe.wp-embedded-content\"),r=0;r<s.length;r++)(t=(e=s[r]).getAttribute(\"data-secret\"))||(t=Math.random().toString(36).substring(2,12),e.src+=\"#?secret=\"+t,e.setAttribute(\"data-secret\",t)),e.contentWindow.postMessage({message:\"ready\",secret:t},\"*\")},!1)))}(window,document);\n\/\/# sourceURL=https:\/\/continuamosmx.com\/wp-includes\/js\/wp-embed.min.js\n<\/script>\n","thumbnail_url":"http:\/\/continuamos.mx\/wp-content\/uploads\/2022\/01\/revista-.jpg","thumbnail_width":600,"thumbnail_height":450,"description":".- El objetivo es seguir preservando la memoria e identidad de este municipio, se\u00f1ala el cronista urbano Gabriel V\u00e1zquez Por: JOSE ALBERTO ZEA DOMINGUEZ CHALCO, M\u00e9x.- El&nbsp; Cronista urbano, Gabriel V\u00e1zquez Calder\u00f3n, presentar\u00e1 la nueva revista de historia la cual se titula: Chalco de Mis Recuerdos, una extraordinaria narrativa del paso del tiempo en \u00e9sta [&hellip;]"}

PRESENTARÁN LA REVISTA CHALCO DE MIS RECUERDOS -

<blockquote class="wp-embedded-content" data-secret="oUeE39Tf2T"><a href="https://continuamosmx.com/index.php/2022/01/10/presentaran-la-revista-chalco-de-mis-recuerdos/">PRESENTARÁN LA REVISTA CHALCO DE MIS RECUERDOS</a></blockquote><iframe sandbox="allow-scripts" security="restricted" src="https://continuamosmx.com/index.php/2022/01/10/presentaran-la-revista-chalco-de-mis-recuerdos/embed/#?secret=oUeE39Tf2T" width="600" height="338" title="«PRESENTARÁN LA REVISTA CHALCO DE MIS RECUERDOS» — " data-secret="oUeE39Tf2T" frameborder="0" marginwidth="0" marginheight="0" scrolling="no" class="wp-embedded-content"></iframe><script>
/*! This file is auto-generated */
!function(d,l){"use strict";l.querySelector&&d.addEventListener&&"undefined"!=typeof URL&&(d.wp=d.wp||{},d.wp.receiveEmbedMessage||(d.wp.receiveEmbedMessage=function(e){var t=e.data;if((t||t.secret||t.message||t.value)&&!/[^a-zA-Z0-9]/.test(t.secret)){for(var s,r,n,a=l.querySelectorAll('iframe[data-secret="'+t.secret+'"]'),o=l.querySelectorAll('blockquote[data-secret="'+t.secret+'"]'),c=new RegExp("^https?:$","i"),i=0;i<o.length;i++)o[i].style.display="none";for(i=0;i<a.length;i++)s=a[i],e.source===s.contentWindow&&(s.removeAttribute("style"),"height"===t.message?(1e3<(r=parseInt(t.value,10))?r=1e3:~~r<200&&(r=200),s.height=r):"link"===t.message&&(r=new URL(s.getAttribute("src")),n=new URL(t.value),c.test(n.protocol))&&n.host===r.host&&l.activeElement===s&&(d.top.location.href=t.value))}},d.addEventListener("message",d.wp.receiveEmbedMessage,!1),l.addEventListener("DOMContentLoaded",function(){for(var e,t,s=l.querySelectorAll("iframe.wp-embedded-content"),r=0;r<s.length;r++)(t=(e=s[r]).getAttribute("data-secret"))||(t=Math.random().toString(36).substring(2,12),e.src+="#?secret="+t,e.setAttribute("data-secret",t)),e.contentWindow.postMessage({message:"ready",secret:t},"*")},!1)))}(window,document);
//# sourceURL=https://continuamosmx.com/wp-includes/js/wp-embed.min.js
</script>

.- El objetivo es seguir preservando la memoria e identidad de este municipio, señala el cronista urbano Gabriel Vázquez Por: JOSE ALBERTO ZEA DOMINGUEZ CHALCO, Méx.- El&nbsp; Cronista urbano, Gabriel Vázquez Calderón, presentará la nueva revista de historia la cual se titula: Chalco de Mis Recuerdos, una extraordinaria narrativa del paso del tiempo en ésta [&hellip;]
